{"id":2,"date":"2024-07-01T14:03:58","date_gmt":"2024-07-01T14:03:58","guid":{"rendered":"https:\/\/kilenstudios.no\/?page_id=2"},"modified":"2026-01-22T10:28:17","modified_gmt":"2026-01-22T10:28:17","slug":"sample-page","status":"publish","type":"page","link":"https:\/\/kilenstudios.no\/?page_id=2","title":{"rendered":"Kalender: Workshop &amp; Kurs"},"content":{"rendered":"\n\n\n<div class=\"wp-block-buttons is-content-justification-right is-layout-flex wp-container-core-buttons-is-layout-d445cf74 wp-block-buttons-is-layout-flex\">\n<div class=\"wp-block-button\"><a class=\"wp-block-button__link wp-element-button\" href=\"https:\/\/kilenstudios.no\/?page_id=50\">Kontakt<\/a><\/div>\n<\/div>\n\n\n\n<h2 class=\"wp-block-heading\">Kalender<\/h2>\n\n\n\n<p><strong>24. og 25. januar <\/strong>&#8211; workshop med <strong>Rune Temte<\/strong><\/p>\n\n\n\n<h1 class=\"wp-block-heading has-text-align-center\"><strong>Rune Temte med 2-dagers workshop \u00abSkuespiller i fokus\u00bb<\/strong><\/h1>\n\n\n\n<p class=\"has-text-align-center\"><\/p>\n\n\n\n<p><em>Dato: 24. og 25. Januar<\/em><\/p>\n\n\n\n<p><em>Kl: 12 &#8211; 17<\/em><\/p>\n\n\n\n<p><em>Sted: Nedre Storgate 12, 3015 Drammen<\/em><\/p>\n\n\n\n<p><\/p>\n\n\n\n<p>Bli med p\u00e5 en inspirerende og intensiv workshop med skuespiller Rune Temte, kjent fra b\u00e5de norske og internasjonale produksjoner. I l\u00f8pet av to fulle dager f\u00e5r deltakerne muligheten til \u00e5 jobbe i dybden med skuespillerteknikk, rolleforst\u00e5else og selftape \u2013 et av de viktigste verkt\u00f8yene for moderne skuespillere.<\/p>\n\n\n\n<p>Workshoppen passer b\u00e5de for etablerte skuespillere, nyutdannede og studenter som \u00f8nsker \u00e5 utvikle sitt uttrykk foran kamera. Gjennom praktiske \u00f8velser, individuell tilbakemelding og konkrete teknikker vil Rune dele av sin brede erfaring fra film-, TV- og teaterbransjen. M\u00e5let er at deltakerne skal oppleve \u00f8kt trygghet, presisjon og profesjonalitet i eget arbeid.<\/p>\n\n\n\n<p>En stor fordel ved denne workshopen er at&nbsp;<strong>alle deltakere f\u00e5r med seg selftapematerialet sitt hjem<\/strong>, slik at det kan brukes videre i portef\u00f8lje, s\u00f8knader eller videre \u00f8ving.<\/p>\n\n\n\n<p>Under kurset vil det ogs\u00e5 v\u00e6re mulig \u00e5 kj\u00f8pe Rune Temtes bok\u00a0<em>Working Actor<\/em>, som selges hos Kilen Studios, for BARE 100kr!!<\/p>\n\n\n\n<p><strong>Pris:<\/strong>&nbsp;2 299 kr<\/p>\n\n\n\n<p><strong>Studentpris:<\/strong>&nbsp;1 900 kr<\/p>\n\n\n\n<p><br><strong>P\u00e5melding:<\/strong><\/p>\n\n\n\n<p><a href=\"https:\/\/forms.gle\/9SSayJoBm6oL5f1n9\">https:\/\/forms.gle\/9SSayJoBm6oL5f1n9<\/a><\/p>\n\n\n\n<p>eller send navn + kontaktinfo til&nbsp;<strong>post@kilenstudios.no<\/strong><\/p>\n\n\n\n<figure class=\"wp-block-image size-large\"><img loading=\"lazy\" decoding=\"async\" width=\"841\" height=\"1024\" src=\"https:\/\/kilenstudios.no\/wp-content\/uploads\/2026\/01\/IMG_9379-841x1024.jpg\" alt=\"\" class=\"wp-image-267\" srcset=\"https:\/\/kilenstudios.no\/wp-content\/uploads\/2026\/01\/IMG_9379-841x1024.jpg 841w, https:\/\/kilenstudios.no\/wp-content\/uploads\/2026\/01\/IMG_9379-246x300.jpg 246w, https:\/\/kilenstudios.no\/wp-content\/uploads\/2026\/01\/IMG_9379-768x935.jpg 768w, https:\/\/kilenstudios.no\/wp-content\/uploads\/2026\/01\/IMG_9379.jpg 1179w\" sizes=\"auto, (max-width: 841px) 100vw, 841px\" \/><figcaption class=\"wp-element-caption\">Screenshot<\/figcaption><\/figure>\n\n\n\n<div class=\"wp-block-buttons is-layout-flex wp-block-buttons-is-layout-flex\">\n<div class=\"wp-block-button\"><a class=\"wp-block-button__link wp-element-button\" href=\"https:\/\/forms.gle\/9SSayJoBm6oL5f1n9\">Meld deg p\u00e5 her!<\/a><\/div>\n<\/div>\n\n\n\n<h2 class=\"wp-block-heading\"><strong>Meld deg p\u00e5:<\/strong><\/h2>\n\n\n\n<p>For \u00e5 melde deg p\u00e5 \u00e9n eller flere workshops, m\u00e5 du registrere deg p\u00e5 et av v\u00e5re skjemaer, eller sende Mail til post@kilenstudios.no med navn og kontaktinformasjon. Under 18 \u00e5r? Da m\u00e5 du ogs\u00e5 sende kontaktinformasjon til en foresatt. Skriv ogs\u00e5 kurs du \u00f8nsker \u00e5 delta p\u00e5! <\/p>\n\n\n\n<p>Alle p\u00e5meldinger er bindene. og at du vil bli\u00a0fakturert for kurset ved p\u00e5melding.<\/p>\n\n\n\n<p>Angreretten bortfaller\u00a0for kurs og arrangementer som gjennomf\u00f8res p\u00e5 en bestemt dato eller innen et bestemt tidsrom, jf. angrerettloven \u00a7 22.<\/p>\n\n\n\n<p><\/p>\n","protected":false},"excerpt":{"rendered":"<p>Kalender 24. og 25. januar &#8211; workshop med Rune Temte Rune Temte med 2-dagers workshop \u00abSkuespiller i fokus\u00bb Dato: 24. og 25. Januar Kl: 12 &#8211; 17 Sted: Nedre Storgate 12, 3015 Drammen Bli med p\u00e5 en inspirerende og intensiv workshop med skuespiller Rune Temte, kjent fra b\u00e5de norske og internasjonale produksjoner. I l\u00f8pet av [&hellip;]<\/p>\n","protected":false},"author":1,"featured_media":0,"parent":0,"menu_order":0,"comment_status":"closed","ping_status":"open","template":"","meta":{"footnotes":""},"class_list":["post-2","page","type-page","status-publish","hentry"],"_links":{"self":[{"href":"https:\/\/kilenstudios.no\/index.php?rest_route=\/wp\/v2\/pages\/2","targetHints":{"allow":["GET"]}}],"collection":[{"href":"https:\/\/kilenstudios.no\/index.php?rest_route=\/wp\/v2\/pages"}],"about":[{"href":"https:\/\/kilenstudios.no\/index.php?rest_route=\/wp\/v2\/types\/page"}],"author":[{"embeddable":true,"href":"https:\/\/kilenstudios.no\/index.php?rest_route=\/wp\/v2\/users\/1"}],"replies":[{"embeddable":true,"href":"https:\/\/kilenstudios.no\/index.php?rest_route=%2Fwp%2Fv2%2Fcomments&post=2"}],"version-history":[{"count":54,"href":"https:\/\/kilenstudios.no\/index.php?rest_route=\/wp\/v2\/pages\/2\/revisions"}],"predecessor-version":[{"id":268,"href":"https:\/\/kilenstudios.no\/index.php?rest_route=\/wp\/v2\/pages\/2\/revisions\/268"}],"wp:attachment":[{"href":"https:\/\/kilenstudios.no\/index.php?rest_route=%2Fwp%2Fv2%2Fmedia&parent=2"}],"curies":[{"name":"wp","href":"https:\/\/api.w.org\/{rel}","templated":true}]}}